 1175. Is (-6)/(-27) + d/9 prime?
False
Suppose 0 = -o + h + 93, 4*h - 197 + 666 = 5*o. Let f = -20 + o. Is f a composite number?
True
Let q(j) = 2*j**2 + j + 8. Is q(-6) a composite number?
True
Let d(a) = 16*a**3 - 3*a**2 + 2*a - 2. Is d(3) a composite number?
False
Let b = 47 + 11. Let v = b - -73. Is v composite?
False
Let c(g) = 12*g - 5. Let h(w) = -w. Let d(m) = -c(m) + 2*h(m). Is d(-7) a composite number?
False
Suppose -2*y + 3*x - 519 = -2960, 0 = 3*y - 5*x - 3664. Is y a composite number?
False
Suppose 3*w + g - 290 = -3*g, 5*w - g - 491 = 0. Let c = w - -21. Is c composite?
True
Let t be (-16)/2 + 0 + 2. Let f be (2/t)/((-2)/18). Is 6/4*74/f a composite number?
False
Let v be (4 - 3) + -4*13. Let q be (3 - v/(-12))*-4. Suppose q*c + 0*c = 130. Is c a composite number?
True
Let g(m) = -5*m - 2. Let r be g(7). Let u be (r/(-2))/((-4)/(-80)). Suppose -z + u = 4*z. Is z composite?
True
Let j(a) = -2*a + 1. Let v be j(-1). Let b be (-4)/12 + 1/v. Suppose m = -b*m + 4, 0 = 5*s - 4*m - 759. Is s a prime number?
False
Let v be 2 + (-5)/(5/(-148)). Suppose -4*d + v = -2*d. Suppose -d - 30 = -5*w. Is w prime?
False
Let b = -4 - -6. Let r be 2 - ((-4)/b - -198). Let v = r - -273. Is v a prime number?
True
Let k = -1 - 0. Is (-22)/6*(k + -5) a prime number?
False
Let g = -18 - -26. Is (14/g)/(2/104) a prime number?
False
Let p = -4 - -4. Let k(d) = d + 0 + 14 + p*d. Is k(0) composite?
True
Suppose 0*d + d = -4328. Is 4/(-3) + d/(-24) a composite number?
False
Let r = 5 - 5. Suppose r = -c + 48 + 83. Is c composite?
False
Suppose 2*g + 10 = 0, 4*r - 4*g = -9*g + 279. Suppose 4*q - 3*a = -4*a + r, 3*a + 76 = 4*q. Is q a prime number?
True
Suppose 0*k = 4*k - 124. Is k composite?
False
Suppose 0*w + 3*w = -12. Let g = w - -11. Is (8 - g)*7*1 prime?
True
Suppose x + 418 - 1073 = 0. Suppose j = 6*j - x. Is j a prime number?
True
Suppose 12*z = 6*z + 1074. Is z a prime number?
True
Let y = -1222 - -2109. Is y a composite number?
False
Let q(y) = 54*y - 4. Let s be q(3). Is 2/(-4) + s/4 a prime number?
False
Suppose 3*v + 6 = 5*v. Suppose -11 = 3*z + v*y + y, -y = -2*z - 22. Is (-601)/z - (-4)/18 a prime number?
True
Let r = 2262 - 1175. Is r prime?
True
Let c(r) = -2*r - 2. Let m be c(-2). Suppose m*p + 157 = 3*h, 133 + 95 = 4*h + 2*p. Is h a prime number?
False
Let z be -6*(1 - 4/3). Suppose 0 = g - p - 74, -3*g + z*p + 216 = p. Is g composite?
False
Suppose 0 = 4*s - 9 - 31. Is s a composite number?
True
Let t(s) = -s**3 - 15*s**2 + 13*s - 17. Let l(i) = 2*i**3 + 30*i**2 - 25*i + 34. Let j(u) = 4*l(u) + 7*t(u). Is j(-12) a prime number?
True
Let k be 9/(-6)*(-4)/(-6). Let c = k - -5. Is c a composite number?
True
Suppose 0*y = 2*y. Let k be (-2 + -21 - 2) + y. Let x = k + 36. Is x a composite number?
False
Let l(a) = -2*a**3 + 2*a**2 + a - 4. Let s be l(-2). Let o be 2/(-6) + 6/(-9). Let i = s - o. Is i composite?
False
Suppose -2*f + 4*m = -68, -3*m + 16 + 66 = 2*f. Is f a composite number?
True
Let h(d) = -11*d + 2. Let y(q) = q**3 + 3*q**2 - 3*q. Let n be y(-4). Is h(n) a composite number?
True
Suppose 0*j - j + 191 = 0. Is j a composite number?
False
Let t(f) = 25*f - 1. Is t(3) a prime number?
False
Suppose -5*g + 18 = -u - 5, 3*u = -5*g - 29. Let f = 20 + u. Is f composite?
False
Let p = -182 + 665. Let c = p + -190. Is c prime?
True
Suppose -5*i = -3*i - 8. Suppose 3*z + i = 19. Suppose 0 = 3*u + z*h - 462, -587 = -4*u - 0*h + 3*h. Is u a composite number?
False
Suppose 3*d + 0*d = 4*r - 1007, 0 = 2*r - 4*d - 506. Is r a prime number?
True
Let j(o) = o + 9. Let d be j(-9). Suppose d*f - 19 = f. Let b = 50 + f. Is b a prime number?
True
Suppose -8 = -4*d, b = 6*b + 2*d - 279. Is b a composite number?
True
Suppose 8*q = 4*q + 6236. Is q composite?
False
Suppose -4*c - 440 = -4*u, -u - 2*c + 571 = 4*u. Is u a composite number?
False
Is (-10)/35 - 3560/(-14) a prime number?
False
Let u = 4 - 0. Suppose 6*d - d - 1265 = 0. Suppose -u*w + d + 63 = 0. Is w a composite number?
False
Let d(w) = 2*w**2 + 4*w + 11. Let m be d(-8). Suppose 2*a + 5*h = m - 30, 0 = -2*h - 2. Suppose j = -0 + 4, r = -4*j + a. Is r prime?
False
Let x = 480 - 289. Is x a prime number?
True
Let z(y) be the second derivative of 47*y**3/6 - y**2/2 - 3*y. Is z(4) composite?
True
Let z(k) = -141*k**3 + 2*k**2 + 3*k + 3. Let h(b) = b**3 - b**2 - b - 1. Let q(y) = -3*h(y) - z(y). Is q(1) a prime number?
True
Let z(p) = p. Let g(t) = -4*t - 2. Let n(m) = g(m) + 12*z(m). Is n(2) a composite number?
True
Let x(o) = o**3 - 3*o**2 - 2*o - 5. Let v be x(4). Let s be -6 + 0/1 + v. Let g(j) = -30*j - 1. Is g(s) a composite number?
False
Let a(w) = w**2 - 5*w + 5. Let o be a(4). Suppose -44 = 3*v + o. Let g = 22 - v. Is g a composite number?
False
Let d = -464 - -715. Is d a prime number?
True
Suppose -d = 3*d - 7432. Suppose -g - 273 = -d. Is g a prime number?
False
Let a = 63 - 101. Let j be (12/5)/((-7)/70). Let q = j - a. Is q a composite number?
True
Suppose 0 = -l - 4*l. Suppose -3*t - 3*u = -234, 83 = -l*t + t - 4*u. Is t a composite number?
False
Let j(g) = 4*g. Let q be j(2). Let t = 66 - q. Is t a prime number?
False
Suppose 2*h + 53 + 155 = q, -5*q - h = -1007. Is q a composite number?
True
Let d(f) = -f - 3. Let k be d(-6). Suppose 0 = 2*g - k*g + 2. Suppose -3*s = g*s - 1855. Is s prime?
False
Let t = -147 + 262. Is t composite?
True
Suppose -2*a + 1354 = 4*x, -4*a + 899 = 5*x - 798. Is x prime?
True
Is -4 - 11*-4 - 3 a composite number?
False
Suppose 0*c - 3*c = -6. Let b(s) = 5*s**3 - s**2 - 2*s - 1. Is b(c) a composite number?
False
Let q = 14 + -10. Suppose -4*b + q = -2*b. Is (74/(-4))/(b/(-4)) prime?
True
Let r be 3*(-4 + (-10)/(-3)). Is 179*r/(-4)*2 composite?
False
Let v(s) = -s**3 - s**2 - s + 3. Let f = 6 + -9. Let r be 0/((-2)/6*f). Is v(r) prime?
True
Let y = 146 + -61. Is y a composite number?
True
Is (-161078)/(-215) - 2/((-10)/(-1)) a prime number?
False
Suppose 3*m = 5 - 2. Let k(d) be the third derivative of d**6/30 + d**4/24 - d**3/6 + 2*d**2. Is k(m) a prime number?
False
Suppose -j - 19 = -5*y + 3*j, y - 5 = 2*j. Suppose y*b = -5*m + 447, -2*b + 2 = -6. Is m a composite number?
True
Suppose 22*l = 26*l - 1172. Is l a prime number?
True
Let l be (-72)/1 - 27/9. Let x = 152 + l. Is x a composite number?
True
Suppose 3*f + f - 2*c - 514 = 0, 3 = -c. Is f*4/(-4)*-1 prime?
True
Let d be -4 + 2 + 1*2. Suppose 5*v - 5 = -d. Let w(m) = 52*m**3 + 1. Is w(v) prime?
True
Let y(m) = -m**2 + m + 2. Let l be y(3). Is (-2)/l - (-253)/2 composite?
False
Let u = 857 - -436. Is u prime?
False
Let f(c) = -3*c - c - 3 - 4*c + 6*c. Is f(-8) a prime number?
True
Let y be (-3)/2*(-10)/3. Suppose -4*d = -5*d - y. Let g = d - -7. Is g a prime number?
True
Let h = 9 + 2. Is h a composite number?
False
Let v(x) = -11*x - 1. Let g(j) = -22*j - 1. Let w(a) = -3*g(a) + 5*v(a). Let i be 2/3*(-27)/(-6). Is w(i) prime?
True
Let q(c) = -25*c**2 - 2*c - 6. Let j be q(5). Let l = 898 + j. Is l a prime number?
True
Let p = 402 - -1149. Let q = p - 1010. Is q composite?
False
Let m = 131 - 18. Is m composite?
False
Let a = 422 + -199. Is a a composite number?
False
Let p(v) = v**2 + 6*v - 6. Let g be p(-7). Let t(o) = 90*o**2 - o. Is t(g) a composite number?
False
Let l(c) = -c**3 + 10*c**2 - 8*c - 6. Let v be l(9). Suppose -2*f = v*f. Suppose f = 4*g - 90 + 14. Is g a prime number?
True
Suppose -16 = -3*i - 2*w, 2*w + 7 + 1 = i. Suppose i*p - 3*p - 3 = 0, 8 = f + 2*p. Suppose -240 = -f*x + x - 2*s, -2*x + 2*s = -82. Is x a composite number?
True
Let s = 87 + -4. Is s a prime number?
True
Suppose -3*q + 24 = -7*q. Let a = q - -10. Suppose a*d + 393 = 7*d. Is d a prime number?
True
Suppose -2116 = -k + 641. Is k a composite number?
True
Let s(t) be the third derivative of 13*t**4/24 + t**3/6 + 3*t**2. Is s(6) a prime number?
True
Is (17/(-34))/((-2)/1012) prime?
False
Is 16 + -13 - (-160)/1 prime?
True
Let x(i) = 12*i**2 - 2*i + 1. Suppose -q = t - 3*q - 2, -2*t + 2*q - 2 = 0. Let n = t - -5. Is x(n) a composite number?
False
Suppose 0 = v + 4 + 12. Suppose 327 = 5*r - 4*f, -3*f - 2*f = 2*r - 111. Let k = v + r. Is k a composite number?
False
Is 4*7/(-126) - 125561/(-9) composite?
True
Let g(b) = b**3 - 11*b**2 + 10*b + 4. Let h be g(10). Let a(m) = 9*m + 4. Let u be a(h). Let i = u - 7. Is 